{"id":7,"date":"2023-01-05T04:12:10","date_gmt":"2023-01-05T04:12:10","guid":{"rendered":"https:\/\/biotech-agriculture.com\/?page_id=7"},"modified":"2023-04-25T02:31:50","modified_gmt":"2023-04-25T02:31:50","slug":"acerca-de","status":"publish","type":"page","link":"https:\/\/biotech-agriculture.com\/","title":{"rendered":"Acerca de Biotech"},"content":{"rendered":"<p style=\"text-align: left;\">En BIO-TECH AGRICULTURE &amp; RESEARCH somos una empresa mexicana de complemento cient\u00edfico a la agricultura, dedicada a la investigaci\u00f3n y evaluaci\u00f3n de efectividad biologica de fertilizantes, insecticidas, fungicidas, bactericidas, acaricidas, herbicidas y nematicidas en diversas plagas y cultivos en distintas zonas agr\u00edcolas de M\u00e9xico para su formulaci\u00f3n y distribucion de productos que aseguren calidad e inocuidad de los alimentos que consumen.<\/p>\n<p style=\"text-align: left;\">Ofrecemos avances cient\u00edficos y soluciones biotecnol\u00f3gicas ya procesadas, a la medida de sus necesidades para un incremento sustentable de la producci\u00f3n agr\u00edcola a fin de ser m\u00e1s competitivos en una econom\u00eda global.<\/p>\n","protected":false},"excerpt":{"rendered":"<p>En BIO-TECH AGRICULTURE &amp; RESEARCH somos una empresa mexicana de complemento cient\u00edfico a la agricultura, dedicada a la investigaci\u00f3n y evaluaci\u00f3n de efectividad biologica de fertilizantes, insecticidas, fungicidas, bactericidas, acaricidas, herbicidas y nematicidas en diversas plagas y cultivos en distintas zonas agr\u00edcolas de M\u00e9xico para su formulaci\u00f3n y distribucion de productos que aseguren calidad e &hellip; <\/p>\n<p class=\"link-more\"><a href=\"https:\/\/biotech-agriculture.com\/\" class=\"more-link\">Continuar leyendo<span class=\"screen-reader-text\"> \u00abAcerca de Biotech\u00bb<\/span><\/a><\/p>\n","protected":false},"author":1,"featured_media":0,"parent":0,"menu_order":0,"comment_status":"closed","ping_status":"closed","template":"","meta":{"footnotes":""},"class_list":["post-7","page","type-page","status-publish","hentry"],"_links":{"self":[{"href":"https:\/\/biotech-agriculture.com\/index.php?rest_route=\/wp\/v2\/pages\/7","targetHints":{"allow":["GET"]}}],"collection":[{"href":"https:\/\/biotech-agriculture.com\/index.php?rest_route=\/wp\/v2\/pages"}],"about":[{"href":"https:\/\/biotech-agriculture.com\/index.php?rest_route=\/wp\/v2\/types\/page"}],"author":[{"embeddable":true,"href":"https:\/\/biotech-agriculture.com\/index.php?rest_route=\/wp\/v2\/users\/1"}],"replies":[{"embeddable":true,"href":"https:\/\/biotech-agriculture.com\/index.php?rest_route=%2Fwp%2Fv2%2Fcomments&post=7"}],"version-history":[{"count":6,"href":"https:\/\/biotech-agriculture.com\/index.php?rest_route=\/wp\/v2\/pages\/7\/revisions"}],"predecessor-version":[{"id":49,"href":"https:\/\/biotech-agriculture.com\/index.php?rest_route=\/wp\/v2\/pages\/7\/revisions\/49"}],"wp:attachment":[{"href":"https:\/\/biotech-agriculture.com\/index.php?rest_route=%2Fwp%2Fv2%2Fmedia&parent=7"}],"curies":[{"name":"wp","href":"https:\/\/api.w.org\/{rel}","templated":true}]}}